
3
Suppose -3*i - 2*s + 184 + 238 = 0, -3*i = 3*s - 423. What is the greatest common divisor of 210 and i?
70
Let c be (8 + -8)*(-2)/(-6). Let v be 0 + -2 - (0 + 6). Let o = c - v. Calculate the highest common factor of 48 and o.
8
Let z = 1621 - 1597. Calculate the highest common factor of 444 and z.
12
Suppose 4*k - 74 = 30. Suppose 38*m = 40*m + 3*s - 182, 0 = -2*m - 2*s + 182. What is the greatest common factor of k and m?
13
Let w(u) = -u**3 - 34*u**2 - 34*u - 28. Let k be w(-33). Calculate the highest common divisor of 135 and k.
5
Let x(f) = f + 26. Let o(v) = -12*v - 48. Let j be o(-6). Let n be x(j). Calculate the greatest common divisor of n and 10.
10
Let s(v) = -10*v - 8. Let h be s(-2). Suppose 2*o - 29 + h = -n, -5*n + 5*o + 160 = 0. What is the highest common factor of 3 and n?
3
Suppose -69 = -4*v + 5*p - 2*p, -4*p + 62 = 2*v. Suppose 0 = -3*m + 10 - 1. Let w be 14 - (-2 + m + -1). What is the greatest common divisor of v and w?
7
Suppose 2*u - 70 = -2*v, -2*v - 2*u = -5*u - 70. Suppose 5*f - v = -2*h + 27, -2*h = 2*f - 20. What is the greatest common divisor of f and 56?
14
Suppose 2*o + 5*j = 129, -203 = 10*o - 14*o + j. Calculate the highest common divisor of 68 and o.
4
Let d = 1594 - 1586. Suppose 4*t - 2*f = 798, f = -4*t - 3*f + 804. Calculate the greatest common factor of t and d.
8
Suppose 581 = -20*s + 23*s + 5*n, 0 = 5*s - 5*n - 955. Suppose 4*m - 5*c - 121 = 0, c = 2*m + 16 - 69. What is the greatest common divisor of m and s?
24
Let f = 75 - 68. Suppose -12*r = -f*r - 40. What is the highest common factor of r and 8?
8
Suppose -6*n + 22 + 2 = 0. Let j(f) = 5*f - 7. Let k(d) = 4*d - 8. Let v(i) = n*j(i) - 3*k(i). Let l be v(4). Calculate the highest common divisor of 42 and l.
14
Suppose 0*y = 5*y + 3*h - 981, -y - 4*h + 203 = 0. Suppose i + 45 = 2*i + 5*s, 5*i - 5*s = y. Calculate the greatest common factor of 40 and i.
40
Let z be ((-20)/(-7))/(((-100)/(-84))/25). Calculate the highest common factor of 960 and z.
60
Let p(n) = 164*n + 1. Let f be p(1). Suppose -2*a + i + 132 = 0, 51 + 213 = 4*a - 5*i. What is the greatest common factor of f and a?
33
Let w(z) = 2*z**3 + 15*z**2 + 18*z + 10. Let o be w(-6). What is the highest common factor of o and 25?
5
Suppose -5 = 7*f - 8*f. Suppose -10 = f*g - 10*g. Suppose 0 = 2*c + 4*o - 60, 0 = 2*c - c + 4*o - 38. What is the greatest common divisor of c and g?
2
Let j be (-2)/(-8) - (-8418)/24. What is the greatest common divisor of 13 and j?
13
Let z(u) = 2*u**2 + 31*u + 51. Let n be z(-14). Calculate the highest common factor of n and 387.
9
Let m = 676 + -466. Let b(q) = 7*q - 12. Let j be b(7). Suppose -j + 7 = -a. Calculate the greatest common divisor of a and m.
30
Suppose -12*g = -61 - 11. Let a = 88 + -76. Calculate the greatest common divisor of g and a.
6
Let b = 926 + -324. Calculate the highest common divisor of 2 and b.
2
Let x be -2 + (1 - 2) - 2652/(-51). What is the greatest common divisor of x and 98?
49
Let m = 2988 - 1233. Calculate the greatest common divisor of m and 81.
27
Let b = 23 - -8. Suppose -2*y = -c - 6*y + b, c - 4*y = 7. What is the greatest common divisor of c and 19?
19
Suppose 3 = a + u, 3*a - 5*a + 3*u = -6. Calculate the greatest common divisor of a and 21.
3
Let y be 30/(6/4*-1). Let w(l) = -6*l - 3. Let h be w(y). Calculate the highest common divisor of 39 and h.
39
Let u be 2/(-6) - (-1445)/51. What is the greatest common divisor of 12 and u?
4
Let n = -70 + 69. Let z be n + 4 + -4 - -27. Calculate the greatest common factor of z and 286.
26
Let q = -71 - -59. Let d = q + 98. What is the highest common factor of d and 43?
43
Let v = -331 - -365. Let y be 1*(148 + 2) - -3. Calculate the highest common factor of y and v.
17
Suppose 7*n - 6 = n. Suppose 38*c + 66 = 44*c. Calculate the highest common divisor of n and c.
1
Let c(n) = -2*n**3 + n**2 + 2*n + 15. Let d be c(0). What is the highest common divisor of 120 and d?
15
Suppose 175 = 5*q + 5*r, 0*r - 5*r = -2*q + 77. Suppose -58 = t - 53. Let f be (-174)/(-10) + (-3)/t. Calculate the greatest common divisor of q and f.
18
Let v be (58*-1)/(12/(-186)). What is the highest common divisor of v and 62?
31
Suppose -s = s. Suppose h = -s*h - 2. Let q be ((1 - -153)/h)/(-1). What is the highest common divisor of q and 7?
7
Suppose 0 = -5*b - 7*b + 7656. Calculate the highest common divisor of 116 and b.
58
Suppose 5*n - 179 = 496. Let l(h) = -4*h - 6. Let c be l(-2). Let r = c + 13. Calculate the highest common factor of n and r.
15
Suppose 2*t = -2*t - 4*f + 2680, -2*t + 3*f = -1315. Suppose -4*a = 269 - t. Calculate the greatest common divisor of a and 11.
11
Suppose -3*c - o + 768 = 0, -27*c - 2*o + 516 = -25*c. What is the highest common divisor of 60 and c?
15
Let w be (6/(-8))/(1/(-32)). Suppose -2*b + 3 = -3*l, -3*l + 4*l = 4*b - 11. Suppose -21 = -2*k + b. Calculate the highest common divisor of k and w.
12
Let a(x) be the first derivative of x**3/3 + 7*x**2/2 + 8*x + 1. Let v be a(-6). Let g be (1/v)/((-2)/(-448)). What is the highest common factor of g and 16?
16
Suppose -4*h - 171 = 3*z, -4*z = 1 + 19. Let j = 49 + h. Calculate the highest common factor of 4 and j.
2
Suppose 3*w - w = -1168. Let q be w/(-14) - ((-6)/21 - 0). What is the greatest common divisor of q and 28?
14
Suppose -80 = 10*v - 130. Calculate the greatest common factor of v and 2.
1
Suppose -2*i - 3*i = -175. Suppose 31*r + 880 = i*r. Suppose 0 = -k - 4*k - 5*x + 110, 5*k - x - 98 = 0. What is the greatest common factor of k and r?
20
Suppose -5*r = -5*v - 25, 3*v - 7*v = 4*r + 20. Suppose r = 15*i - 747 - 3528. What is the highest common factor of 15 and i?
15
Suppose 4*h - 7*h = 3*n, 4*n = -2*h + 6. Let d be (h/4)/(-3) + 344/32. What is the highest common divisor of d and 99?
11
Suppose 0 = -36*y + 29*y. Suppose y = 4*c - 86 + 58. Let i be (70/(-15))/(4/(-30)). Calculate the greatest common factor of i and c.
7
Let u(k) = -k**2 - 7*k - 2. Let t = 1 - -4. Suppose t*a - 6*a = 5. Let i be u(a). Calculate the highest common factor of 4 and i.
4
Let w = 474 - 465. Calculate the greatest common factor of 333 and w.
9
Suppose f = 4*d + 21, 4*f - 3*d = -8*d - 21. Calculate the greatest common divisor of 19 and f.
1
Suppose 2*k = -2*b + 3896, 5872 = 3*b + 16*k - 20*k. Calculate the highest common divisor of b and 16.
16
Let l(h) = -4*h**2 + 8*h + 6. Let s be l(4). Let i = s + 28. Calculate the highest common factor of i and 18.
2
Suppose -2*g + 4*y + 136 = 0, 4*g - 195 - 77 = -5*y. Suppose -5*k - 5*o = -45, -k - 11 = -4*o + 5. Calculate the greatest common factor of k and g.
4
Suppose 2409*n - 2417*n = -1048. What is the highest common factor of n and 1?
1
Suppose -2*q - 3*a + 945 = -4*q, 2*a + 1930 = -4*q. Let p be (-9)/(-4)*q/(-18). Calculate the greatest common divisor of 15 and p.
15
Let s = 80 + -56. Suppose 0*u + 1080 = 9*u. What is the highest common divisor of s and u?
24
Suppose 0 = -33*h - 5*h + 798. What is the greatest common divisor of h and 231?
21
Suppose 2*x - 12 = -2*l, 2*l - 2*x = -4 + 8. Let i(c) = 17*c**2 + c. Let p be i(-1). Calculate the highest common factor of p and l.
4
Suppose 107*s = 64*s + 9933. Calculate the highest common divisor of s and 209.
11
Let q be 707/2 + (-5)/2. Calculate the greatest common factor of q and 26.
13
Let h(v) = -7*v - 2. Let x be h(-1). Suppose -u = -3*l + 5 + 3, 0 = -2*l + x*u + 14. Let o be l/5*(-195)/(-3). What is the greatest common factor of 13 and o?
13
Suppose -53 - 10 = -3*f. Let m be (28/f + 0)*(-18)/(-1). What is the highest common divisor of 12 and m?
12
Let n = 321 + -174. Suppose 0 = d + 65 + 14. Let r = d - -100. Calculate the greatest common factor of r and n.
21
Let c be 20/(-8)*3726/(-45). What is the greatest common factor of 138 and c?
69
Suppose -11*c - 226 = -358. What is the greatest common divisor of c and 486?
6
Let z = 31 + -27. Suppose z*w - o - o - 1324 = 0, 3*w + 2*o = 986. Calculate the highest common factor of 30 and w.
30
Let g(l) = -l**3 + 6*l. Let i be g(-4). Calculate the highest common divisor of 48 and i.
8
Suppose -476*o + 315 = -467*o. What is the greatest common divisor of 1085 and o?
35
Suppose -2*y + 4*y = -5*w + 578, 0 = -3*w + 2*y + 334. Let h = w - 177. Let i be (-234)/h + (-2)/(-7). Calculate the highest common fact